 = -37*z**2 + 5 - 3 + 6*z + 32*z**2 - z**3. Calculate a(-6).
2
Let b = 79 + -78. Let d(w) = w**3 + 2*w**2 - 2*w + 1. Calculate d(b).
2
Let l(c) = c**3 - 4*c**2 + 2*c + 4. Let z(i) = -i**3 + 5*i**2 - 2*i - 5. Let r be z(4). Give l(r).
1
Let k(l) = 7*l + 13. Let i(g) = -20*g - 38. Let p(n) = -6*i(n) - 17*k(n). Let f be p(-7). Let x(y) = -3 + 4 - 4 + y. Determine x(f).
-3
Let i(q) = -q**2 + 5*q + 1. Let r be 18/4*(-7)/((-84)/16). Determine i(r).
-5
Let w(v) be the third derivative of -7*v**6/120 + v**5/60 + 5*v**2. Suppose -3*h + 13 = 2*g, -3*h + 10 = -2*g - 7. Suppose j + 4*j = -h. What is w(j)?
8
Let o(k) = 2*k - 5. Let z(d) = d**3 - 9*d**2 + 12*d - 28. Let c be z(8). Give o(c).
3
Let d(f) = -267*f**2 - 2*f + 2 + 4*f + 268*f**2. Calculate d(-3).
5
Suppose -3*g - 2*r + 7 = 0, -5*r + 3 = 5*g - 2. Let d(k) = 3*k + 2. Let y(a) = -7*a - 3. Let z(w) = -5*d(w) - 2*y(w). Calculate z(g).
-9
Let p(n) = n - 2. Let q be p(5). Let d(h) = -h**2 - 2 + q + 6. Let y(r) = -r + 7. Let x be y(7). What is d(x)?
7
Let b(i) = 0*i + 2*i**2 + 2*i - 3*i - i + 2*i**3. Determine b(-2).
-4
Let m = -9 - -5. Let t be (m/(-6))/(6/(-45)). Let f(y) = y + 3. Calculate f(t).
-2
Suppose 3*p - 60 = -12. Suppose 2*l = -3*b - p, 4*l - 9 = -5*b - 35. Let v(z) = -z - 13. What is v(b)?
-7
Suppose -2*m + 1 = -3. Let c(z) = -6 - 4*z**m - z**2 - 6*z + 4*z**2. Give c(-5).
-1
Let b(n) = n + n - 1 - 5*n. Suppose 0*i = -2*i - 4*k - 18, -7 = 3*i + 2*k. Calculate b(i).
-4
Let b(p) = -3*p + 1. Let f(r) = -4*r + 1. Let n(v) = 6*b(v) - 5*f(v). Suppose -w - 3*t = 17, t = 5*t + 20. What is n(w)?
-3
Suppose -21 = -5*w - 6. Suppose 0 = -4*t - 0 + 8. Let a(x) = 5 + w*x - t*x - 4. Calculate a(-5).
-4
Suppose 21 = 5*h - 3*t, 5*t + 2 = 17. Let r(m) = m + 12 + 0*m - 2*m. Determine r(h).
6
Let s(a) be the first derivative of -a**2/2 + a + 5. Determine s(-1).
2
Suppose -h - 2 - 5 = 0. Let r(z) = z**2 + 9*z + 10. What is r(h)?
-4
Let x = 2 + -2. Let v = x - -1. Let p(m) be the first derivative of 7*m**3/3 - m - 2. What is p(v)?
6
Let s(n) = 3*n**2 + 3*n - 5. Let j(q) = -q**2 - q + 2. Let c(k) = 5*j(k) + 2*s(k). Give c(0).
0
Let a(g) = 38*g**3 - 2*g - 4*g**2 - 18*g**3 - 21*g**3. Calculate a(-2).
-4
Suppose 5 - 1 = 4*x. Let v(i) = 20*i - 2. Let c(o) = 19*o - 1. Let j(w) = 3*c(w) - 2*v(w). Determine j(x).
18
Let d be (-5)/(-15) + (-80)/6. Let i = 8 + d. Let f(m) = -m**2 - 7*m + 2. What is f(i)?
12
Let i(n) = -n + 1. Let b = 3 + 3. Let o(u) = -5*u. Let r(g) = b*i(g) - o(g). Determine r(6).
0
Let z(a) = -a**2 - 7*a - 2. Let s be z(-6). Let p(o) = 7 + s*o**3 - o**2 - 5*o**3 - 8. Calculate p(2).
-13
Let n be -24*3/(-24)*6. Suppose -3*m - n = -0*m. Let d(t) = 8*t**2 + 1. Let s(q) = 7*q**2 + q + 1. Let h(v) = -6*d(v) + 7*s(v). Calculate h(m).
-5
Let r(d) = d**3 + 6*d**2 - d + 1. Let m(a) = -5*a**2 - 3*a + 2. Let j(o) = 4*o**2 + 2*o - 3. Let u(n) = 4*j(n) + 3*m(n). Let w be u(0). Calculate r(w).
7
Let j = 1 + -5. Let v(n) = 2*n + 4. Let m be v(j). Let h(f) be the first derivative of -f**4/4 - 5*f**3/3 - 3*f**2 - 5*f - 1. What is h(m)?
3
Let c(h) = -7*h - 1. Let l(m) = 14*m + 2. Let x be 2*(3/(-2) + 3). Let o(d) = x*l(d) + 5*c(d). Determine o(-1).
-6
Let v(b) be the third derivative of b**5/60 - 5*b**4/12 - b**3/3 - 5*b**2. What is v(10)?
-2
Suppose -17 = -4*g - 5. Let s(n) = n**3 - 2*n**2 - n. Calculate s(g).
6
Suppose -15 + 40 = -5*o. Let v(a) be the second derivative of a**3/6 + 5*a**2/2 - 2*a. Determine v(o).
0
Let o(y) be the third derivative of y**4/8 + 5*y**3/3 - y**2. Let f(h) be the first derivative of h**2/2 + 3*h - 11. Let s(k) = -7*f(k) + 2*o(k). Give s(5).
-6
Suppose -7 = q - 4*v, 4*v - 22 = -0*q - 2*q. Let l(m) be the third derivative of 1/24*m**4 - 4*m**2 + 0*m + 0 + 1/120*m**6 + 1/6*m**3 + 1/20*m**q. Give l(-2).
3
Let f(l) be the second derivative of l**6/144 + l**5/120 - l**4/12 + l. Let v(t) be the third derivative of f(t). Suppose 11 = 5*a + 1. Calculate v(a).
11
Let p(c) = c**2 - 13*c + 18. Let s be p(12). Let t(l) = -2*l + 4. Give t(s).
-8
Let d(c) = -c**2 - 4*c. Let t(s) = s**2 + 4*s. Let i(p) = -6*d(p) - 7*t(p). Determine i(-4).
0
Let m(f) = -f**3 - 2*f**2 + 5*f. Let t(k) = k**3 + k**2 - 4*k. Let d(x) = 5*m(x) + 6*t(x). Let u be 3/(((-6)/16)/1). Let c = u + 12. Determine d(c).
4
Let a(l) = -l**2 - 7*l + 3. Suppose 4*o = 3*d + 9, -2*d - 22 - 7 = 5*o. Let j be a(d). Let t(u) = -u**2 + 4*u. Let q be t(j). Let w(x) = -2*x - 1. Give w(q).
-7
Let j(i) = -8*i**2 - 12*i + 14*i + 10 + i**2 + 0*i**2 - i**3. What is j(-7)?
-4
Let w(p) = 35*p - 62*p + 25*p - 4 - p**2. Calculate w(-3).
-7
Let t(n) = -n - 3. Let x(i) = -i**3 + 4*i**2 + 5*i - 5. Let b = -4 - -9. Let v = b - 0. Let w be x(v). Determine t(w).
2
Let z(v) = 5*v**2 + 2*v - 1. Let g(x) = x**2 + 7*x + 3. Let k be g(-7). Suppose 6 = k*w, 4*l = -4*w + 1 + 11. Give z(l).
6
Let n(u) = -u**2 + 6*u - 5. Suppose o - 7 = -0. Let l = o - 2. What is n(l)?
0
Let q(m) = m**2 - m + 1. Let r(k) = -k**3 - 6*k**2 - 6*k - 8. Let n(j) = -q(j) + r(j). What is n(-6)?
-15
Suppose -8*q = -3*q. Let r = 3 + q. Let n(u) = -u**2 + 2*u + 1. Calculate n(r).
-2
Suppose 16 = -2*z + 6*z. Let f = 1 - z. Let u(n) = n**2 + n - 4. What is u(f)?
2
Let i(s) = s**2 - 5*s + 4. Let p be i(4). Let a be -2 - (-1 - 3 - 1). Suppose p = 3*o - j - 16, a*j = 2*o - 6*o + 17. Let h(v) = -v + 7. What is h(o)?
2
Let s(u) = -10*u + 3. Let w(j) = 11*j - 2. Let g(b) = -4*s(b) - 3*w(b). Calculate g(6).
36
Let h = 6 + -6. Let p(y) be the second derivative of y**5/20 + y**4/12 + y**3/6 + 14*y. What is p(h)?
0
Let z(q) = 8*q - 6. Let l be (9/(-6))/(6/16). Let a(o) = -9*o + 5. Let b(p) = l*z(p) - 5*a(p). What is b(1)?
12
Let w = 3 + -4. Let h(s) = -s**2 + s + 1. Let n(f) = -f. Let u(b) = w*n(b) + h(b). Determine u(3).
-2
Let b(z) = 3*z**2 + z - 2. Suppose 2*g - 3 = 3*h, 0 = 3*h - 4*h + 2*g - 1. Let f(c) = -4*c**2 + 1. Let u be f(h). Let d be u*(-3 - -4) + 1. What is b(d)?
8
Let j(f) = 6*f**2 - 3*f + 2. Let l be j(1). Let y(w) = 0*w + 0 - 2 - w. Calculate y(l).
-7
Suppose 3*v + 2*b - 228 = -0*v, 2*v + 4*b = 160. Let y be v/14 + 18/(-63). Let j(r) = -r + 6. Determine j(y).
1
Let p(v) be the second derivative of -1/4*v**4 + 0*v**2 + 0 - 1/3*v**3 + 3*v. Determine p(-2).
-8
Suppose -21 = 4*u + 3*u. Let h(t) = t**3 + 2*t**2 - 4*t - 4. Determine h(u).
-1
Let y be ((-6)/12)/((-1)/(-16)). Let l = y + 6. Let z(i) be the first derivative of -2*i**2 - i + 9. Give z(l).
7
Suppose 4*n + 3*b + 20 = -2*b, -5*n - 46 = b. Let a = n + 6. Let u(d) = -d**2 - 5*d - 3. Determine u(a).
1
Let m(b) = 3*b - 2*b + 195 - 206. Calculate m(0).
-11
Suppose -3*r = -4*r + 8*r. Let x(j) = j**2 - 6. Calculate x(r).
-6
Suppose -12 = 4*r - 8*r. Let k(a) = 1 + 5*a + r*a**2 - 5*a. What is k(1)?
4
Let c(b) = -b - 5. Let x be 0/((-8)/((-12)/3)). Determine c(x).
-5
Suppose 2*h = -0*h. Suppose 10 = 4*d - l, 0 = 3*d - 3*l - 0*l - 12. Let k(m) = 2*m**2 - 8 - m**d - 3*m + 2*m. Determine k(h).
-8
Suppose -3*q - 2*q + 10 = 0. Let b(j) = 4 - 3*j**q + j**2 + 3*j**2 - 4*j - 3. Calculate b(3).
-2
Let g(z) = -4*z + 3. Let w(m) = -2*m + m**2 - 2*m + 2 + 0*m**2. Let c be w(4). Calculate g(c).
-5
Suppose -f + r = 0, 3*f + 4*r - 13 + 6 = 0. Suppose 2*l = -i + 1, 5*i = -0*l + l + 5. Let t(x) = -4*x**2 + l + 2*x**2 - 1. What is t(f)?
-3
Suppose 0*f = f. Let y(l) = 1 - 3*l**2 + 4*l + f + 7*l**2 + 2. Give y(-2).
11
Let k(z) be the second derivative of -z**5/20 - 11*z**4/12 - 2*z**3 - 13*z**2/2 + 39*z - 2. What is k(-10)?
7
Let w(f) be the first derivative of f**3/3 - 2*f**2 + 7*f + 19. What is w(5)?
12
Let p(k) = 2*k**2 + 6*k - 5. Suppose -5 = 5*c, c - 24 = l + 4*l. Give p(l).
15
Let p(h) = -h**2 - 6*h - 2. Suppose -3*i = 5*o + 12, -5*i - o = 2 + 18. Calculate p(i).
6
Let p = 0 + 5. Let k = 0 - -2. Let t(m) = m**3 - 3*m**2 + 2*m - k*m**2 + 0*m**3 - 4. Calculate t(p).
6
Let k(z) = 2*z + 32. Let y be k(-20). Let p(f) = f + 11. Determine p(y).
3
Let l(k) = -k**3 + 11*k**2 - 10*k + 5. Suppose g - 8 = -g. Let z(h) = h**3 - 10*h**2 + 9*h - 4. Let s(i) = g*l(i) + 5*z(i). What is s(5)?
0
Let j(a) = -11*a - 3 + 34*a - 16*a + a**2 - 13*a. Calculate j(5).
-8
Let f be (2/3)/(1/6). Suppose -i - f*i + 25 = 0. Let m(g) = -g**2 + 5*g - 3. Calculate m(i).
-3
Let c(x) = 0*x**3 - 4 - 2*x**3 - 6*x**2 + 4*x + 3*x**3 + 9. Determine c(5).
0
Let w(m) = -m + 24. Let g be w(19). Suppose 0 = -